- -26?
150226
In base 11, what is 15 - -8046?
8060
In base 12, what is 3 - -5a8a?
5a91
In base 6, what is -142012 - 2?
-142014
In base 8, what is 0 - 21?
-21
In base 9, what is 60 + 1807?
1867
In base 8, what is 0 - 731232?
-731232
In base 7, what is 24 + 6202?
6226
In base 14, what is -22 + -375?
-397
In base 11, what is -15 + 7546?
7531
In base 14, what is a4 - -c83?
d47
In base 5, what is 12022 - -213?
12240
In base 4, what is 2 + 1101223132?
1101223200
In base 16, what is -5 + -9d881?
-9d886
In base 14, what is bc + 717?
7d5
In base 8, what is -7 + -622653?
-622662
In base 16, what is -289 + -11?
-29a
In base 16, what is -358 - -2?
-356
In base 11, what is -1 + -82382?
-82383
In base 14, what is 450 - -737?
b87
In base 11, what is -2662 + -54?
-2706
In base 11, what is -9a + -161a5?
-16294
In base 4, what is -1103032 + 110?
-1102322
In base 14, what is 22ba - 28?
2292
In base 15, what is 5 - -2d44?
2d49
In base 8, what is 4773140 - 2?
4773136
In base 14, what is -15 - -52b1?
529a
In base 15, what is -1 - -232d2?
232d1
In base 2, what is -11000 - 100000000010110?
-100000000101110
In base 11, what is 4 - 2959?
-2955
In base 12, what is 5 + -62690?
-62687
In base 16, what is -4267 - 3?
-426a
In base 15, what is -6 - -12ae7?
12ae1
In base 11, what is 6 - -64364?
6436a
In base 9, what is 4078 + 8?
4087
In base 6, what is 5 + 305510?
305515
In base 14, what is -2631c - 8?
-26326
In base 10, what is 577 + 75?
652
In base 2, what is 1000101 - 11100100110?
-11011100001
In base 15, what is 7 - 5606c?
-56065
In base 6, what is -11301 - -2144?
-5113
In base 6, what is 2 - -21551102?
21551104
In base 10, what is 9 - 7830?
-7821
In base 4, what is -21131 + -1303?
-23100
In base 9, what is 5 - -567507?
567513
In base 8, what is 3 + 653555?
653560
In base 9, what is 72 - 1077?
-1005
In base 3, what is 110 + 111002112?
111002222
In base 4, what is 20223311 + 3?
20223320
In base 14, what is 63 + 240?
2a3
In base 14, what is 9 - -8a2c?
8a37
In base 7, what is 422511 - -1?
422512
In base 16, what is 239 - -23dc?
2615
In base 9, what is -1448 + 10?
-1438
In base 7, what is 1165 + 2?
1200
In base 12, what is 4312a + 5?
43133
In base 16, what is -28c96 - -1?
-28c95
In base 9, what is -2050253 - 5?
-2050258
In base 8, what is -3 - 12725?
-12730
In base 11, what is 1264 - 77?
1198
In base 6, what is -210432 - -2?
-210430
In base 13, what is 849577 - -3?
84957a
In base 12, what is -18b81b1 - 1?
-18b81b2
In base 11, what is 138 - 146?
-9
In base 3, what is 21000 - -122122012?
122220012
In base 2, what is -100 + -111011110111?
-111011111011
In base 2, what is 11000110011010 - 10100?
11000110000110
In base 8, what is 12230 + -1?
12227
In base 15, what is -77a6 + c?
-7799
In base 14, what is -22c - 536?
-764
In base 16, what is 12c59 + -1?
12c58
In base 9, what is -4 + 16657?
16653
In base 3, what is -211222020 + 101?
-211221212
In base 6, what is 1145 - 4300?
-3111
In base 2, what is 111010001100 + 1001?
111010010101
In base 11, what is 300 + -361?
-61
In base 14, what is -25c - -bd4?
976
In base 12, what is -2 - 14940?
-14942
In base 3, what is 101001 - 22?
100202
In base 9, what is -75844 - -6?
-75837
In base 10, what is -15 + 4784?
4769
In base 3, what is -12 - 210202121?
-210202210
In base 4, what is -1 - -321011?
321010
In base 3, what is -102 - -20002010?
20001201
In base 6, what is -4 - 45232125?
-45232133
In base 4, what is 131 + -10110?
-3313
In base 10, what is -40 - 38017?
-38057
In base 3, what is 1010 - -210100?
211110
In base 13, what is -13ca + -7c?
-1479
In base 2, what is 1100000000011101 + -111011?
1011111111100010
In base 13, what is 5 - -26b42?
26b47
In base 13, what is 0 - -1c6b?
1c6b
In base 12, what is 21 - a79?
-a58
In base 6, what is 23 - 40502?
-40435
In base 16, what is 1d - aa3?
-a86
In base 13, what is 21 + c75?
c96
In base 12, what is -1bba + 21b?
-199b
In base 13, what is -7 + 17775?
1776b
In base 4, what is -11 - 23122133?
-23122210
In base 12, what is 6449 - 1?
6448
In base 7, what is 202536 - 0?
202536
In base 3, what is -11 - -1002212010?
1002211222
In base 2, what is -11111100111 - -10111?
-11111010000
In base 14, what is -3676 - 35?
-36ab
In base 10, what is -155970 - 0?
-155970
In base 15, what is -573 - -16?
-55c
In base 16, what is 3 - 5922c?
-59229
In base 15, what is -aa1 - 26?
-ac7
In base 8, what is 231 + 13330?
13561
In base 4, what is -20 + -1331323?
-1332003
In base 15, what is -172 - -e88?
d16
In base 14, what is 1849 - 2?
1847
In base 4, what is 111 + -1202123?
-1202012
In base 10, what is 141056 - 1?
141055
In base 2, what is 100000 + -111001111001?
-111001011001
In base 13, what is 2b5067 + -1?
2b5066
In base 15, what is -180017 - 1?
-180018
In base 9, what is 1346031 + -2?
1346028
In base 7, what is -24232 + -16?
-24251
In base 3, what is -10020202022 - 100?
-10020202122
In base 13, what is -24567 - 15?
-2457c
In base 13, what is -397 + -4?
-39b
In base 5, what is 420104 - -21?
420130
In base 10, what is 5 + 12348?
12353
In base 13, what is -2577 - a4?
-264b
In base 15, what is 1b + 72b?
747
In base 13, what is c3b8 + 4?
c3bc
In base 16, what is 4 - 767?
-763
In base 7, what is 0 + -41331?
-41331
In base 2, what is 11 + 1111110010?
1111110101
In base 5, what is -4 - -434412?
434403
In base 2, what is 100001010 + 111100?
101000110
In base 5, what is -10 - -422214304?
422214244
In base 15, what is -2e + -12cc?
-130b
In base 2, what is 101 - 100111010111010?
-100111010110101
In base 8, what is 325246 - 0?
325246
In base 2, what is 1 - -11001000001000?
11001000001001
In base 13, what is -10066 + 4?
-10062
In base 9, what is 5082 - 1256?
3725
In base 3, what is -10121 - 2012122?
-2100020
In base 8, what is 17155625 - -1?
17155626
In base 4, what is 1 + -2102112003?
-2102112002
In base 12, what is -19 - -694?
677
In base 5, what is -1010 + -242200?
-243210
In base 15, what is 3d - 868?
-82a
In base 10, what is 19075 - 0?
19075
In base 2, what is 100001 - -100010?
1000011
In base 12, what is 17 - 6510?
-64b5
In base 4, what is -12 - -303001030?
303001012
In base 7, what is -5616103 - 4?
-5616110
In base 5, what is 32 - -40202?
40234
In base 2, what is -111101110110000111 + 0?
-111101110110000111
In base 8, what is -40526 + -40?
-40566
In base 6, what is -150 + 30332?
30142
In base 5, what is -41210 - 202?
-41412
In base 4, what is 111 - -203313?
210030
In base 8, what is 676 - 1020?
-122
In base 4, what is -2000331 + 13?
-2000312
In base 6, what is 1431 - -1410?
3241
In base 4, what is 20122 + -23011?
-2223
In base 10, what is -117815 + 1?
-117814
In base 10, what is -293315 + 3?
-293312
In base 13, what is -2068 - 16?
-2081
In base 16, what is 6 - 59e38?
-59e32
In base 12, what is -a6 - 4b87?
-5071
In base 3, what is -12211 + 11001?
-1210
In base 12, what is -6b0b - -5?
-6b06
In base 15, what is -14 + -1ec?
-211
In base 10, what is -495755 - 2?
-495757
In base 10, what is 43 + 45212?
45255
In base 7, what is 1 + -12201?
-12200
In base 2, what is 1 + 10111110110011001?
10111110110011010
In base 16, what is 1028d2 + 5?
1028d7
In base 3, what is -110112 + 2120?
-100222
In base 3, what is 1212122 - 12121222?
-10202100
In base 5, what is -10124021 + 2?
-10124014
In base 11, what is -196437 - 3?
-19643a
In base 9, what is -303521 - 5?
-303526
In base 11, what is 5581 - 8?
5574
In base 3, what is -1111 + 1?
-1110
In base 3, what is -1 - 1210212122?
-1210212200
In base 4, what is -2013 + -2320232?
-2322311
In base 2, what is -100 + -110000010101110101?
-110000010101111001
In base 16, what is -11f - 9a?
-1b9
In base 16, what is 1b + -deea?
-decf
In base 6, what is 2 - 2415531?
-2415525
In base 12, what is -a004 - 5?
-a009
In base 11, what is -5 - -a107?
a102
In base 16, what is -4d572 + -1?
-4d573
In base 8, what is 3134620 + -2?
3134616
In base 12, what is -75 - -56?
-1b
In base 4, what is -10 + -100323021?
-100323031
In base 14, what is -a6a71c + 2?
-a6a71a
In base 3, what is 1210 + 22112011?
22120221
In base 12, what is -120b8 + -16?
-12112
In base 5, what is -1011 + -201?
-1212
In base 10, what is 15667 + 5?
15672
In base 4, what is 111 - 110322?
-110211
In base 12, what is -54 - 234?
-288
In base 8, what is 26130 - -11?
26141
In base 10, what is -3 + 39851?
39848
In base 15, what is d + -6e4?
-6d6
In base 10, what is 0 - 